{"id":7756,"date":"2025-10-15T10:31:43","date_gmt":"2025-10-15T10:31:43","guid":{"rendered":"https:\/\/todoencama.com\/?post_type=product&#038;p=7756"},"modified":"2025-10-15T10:34:39","modified_gmt":"2025-10-15T10:34:39","slug":"almohada-visco-cervical","status":"publish","type":"product","link":"https:\/\/todoencama.com\/en\/product\/almohada-visco-cervical\/","title":{"rendered":"Almohada Visco Cervical"},"content":{"rendered":"","protected":false},"excerpt":{"rendered":"<p>Su dise\u00f1o es su cualidad m\u00e1s destacable ya que est\u00e1 pensada especialmente para aliviar el dolor de las personas que sufren de forma especial de las cervicales. Su cuidada forma permite un adecuado soporte al cuello. Altura 12 cm.<\/p>\n<p><strong>Composici\u00f3n<\/strong><\/p>\n<ul>\n<li>N\u00facleo de viscoel\u00e1stica que se adapta a su cuello y cervicales eliminando cualquier tipo de presi\u00f3n y favoreciendo su correcta alineaci\u00f3n.<\/li>\n<li>Alivia dolores provocados por molestias cervicales.<\/li>\n<li>Ergon\u00f3mica.<\/li>\n<li>Funda interior con cremallera.<\/li>\n<li>Funda exterior de tejido Strech el\u00e1stico de 300 g\/m2.<\/li>\n<\/ul>","protected":false},"featured_media":7765,"comment_status":"open","ping_status":"closed","template":"","meta":[],"product_brand":[],"product_cat":[29,155],"product_tag":[],"class_list":{"0":"post-7756","1":"product","2":"type-product","3":"status-publish","4":"has-post-thumbnail","6":"product_cat-almohadas","7":"product_cat-viscoelasticas","8":"product_shipping_class-volumen","10":"first","11":"instock","12":"taxable","13":"shipping-taxable","14":"purchasable","15":"product-type-variable"},"yoast_head":"<!-- This site is optimized with the Yoast SEO plugin v26.1.1 - https:\/\/yoast.com\/wordpress\/plugins\/seo\/ -->\n<title>Almohada Visco Cervical - Todo en Cama | Venta Online de colchones, somieres y canap\u00e8s<\/title>\n<meta name=\"robots\" content=\"index, follow, max-snippet:-1, max-image-preview:large, max-video-preview:-1\" \/>\n<link rel=\"canonical\" href=\"https:\/\/todoencama.com\/en\/product\/almohada-visco-cervical\/\" \/>\n<meta property=\"og:locale\" content=\"en_GB\" \/>\n<meta property=\"og:type\" content=\"article\" \/>\n<meta property=\"og:title\" content=\"Almohada Visco Cervical - Todo en Cama | Venta Online de colchones, somieres y canap\u00e8s\" \/>\n<meta property=\"og:description\" content=\"Su dise\u00f1o es su cualidad m\u00e1s destacable ya que est\u00e1 pensada especialmente para aliviar el dolor de las personas que sufren de forma especial de las cervicales. Su cuidada forma permite un adecuado soporte al cuello. Altura 12 cm.  Composici\u00f3n   N\u00facleo de viscoel\u00e1stica que se adapta a su cuello y cervicales eliminando cualquier tipo de presi\u00f3n y favoreciendo su correcta alineaci\u00f3n.  Alivia dolores provocados por molestias cervicales.  Ergon\u00f3mica.  Funda interior con cremallera.  Funda exterior de tejido Strech el\u00e1stico de 300 g\/m2.\" \/>\n<meta property=\"og:url\" content=\"https:\/\/todoencama.com\/en\/product\/almohada-visco-cervical\/\" \/>\n<meta property=\"og:site_name\" content=\"Todo en Cama | Venta Online de colchones, somieres y canap\u00e8s\" \/>\n<meta property=\"article:modified_time\" content=\"2025-10-15T10:34:39+00:00\" \/>\n<meta property=\"og:image\" content=\"https:\/\/todoencama.com\/wp-content\/uploads\/2025\/10\/almohada-cervical-mlily-tienda-especializada-en-colchones-canapes-somieres-y-todo-tipo-de-complementos-para-el-descanso-canape-brisa-valencia-600x600-1.jpg\" \/>\n\t<meta property=\"og:image:width\" content=\"600\" \/>\n\t<meta property=\"og:image:height\" content=\"600\" \/>\n\t<meta property=\"og:image:type\" content=\"image\/jpeg\" \/>\n<meta name=\"twitter:card\" content=\"summary_large_image\" \/>\n<meta name=\"twitter:label1\" content=\"Estimated reading time\" \/>\n\t<meta name=\"twitter:data1\" content=\"1 minute\" \/>\n<script type=\"application\/ld+json\" class=\"yoast-schema-graph\">{\"@context\":\"https:\/\/schema.org\",\"@graph\":[{\"@type\":\"WebPage\",\"@id\":\"https:\/\/todoencama.com\/producto\/almohada-visco-cervical\/\",\"url\":\"https:\/\/todoencama.com\/producto\/almohada-visco-cervical\/\",\"name\":\"Almohada Visco Cervical - Todo en Cama | Venta Online de colchones, somieres y canap\u00e8s\",\"isPartOf\":{\"@id\":\"https:\/\/todoencama.com\/#website\"},\"primaryImageOfPage\":{\"@id\":\"https:\/\/todoencama.com\/producto\/almohada-visco-cervical\/#primaryimage\"},\"image\":{\"@id\":\"https:\/\/todoencama.com\/producto\/almohada-visco-cervical\/#primaryimage\"},\"thumbnailUrl\":\"https:\/\/todoencama.com\/wp-content\/uploads\/2025\/10\/almohada-cervical-mlily-tienda-especializada-en-colchones-canapes-somieres-y-todo-tipo-de-complementos-para-el-descanso-canape-brisa-valencia-600x600-1.jpg\",\"datePublished\":\"2025-10-15T10:31:43+00:00\",\"dateModified\":\"2025-10-15T10:34:39+00:00\",\"breadcrumb\":{\"@id\":\"https:\/\/todoencama.com\/producto\/almohada-visco-cervical\/#breadcrumb\"},\"inLanguage\":\"en-GB\",\"potentialAction\":[{\"@type\":\"ReadAction\",\"target\":[\"https:\/\/todoencama.com\/producto\/almohada-visco-cervical\/\"]}]},{\"@type\":\"ImageObject\",\"inLanguage\":\"en-GB\",\"@id\":\"https:\/\/todoencama.com\/producto\/almohada-visco-cervical\/#primaryimage\",\"url\":\"https:\/\/todoencama.com\/wp-content\/uploads\/2025\/10\/almohada-cervical-mlily-tienda-especializada-en-colchones-canapes-somieres-y-todo-tipo-de-complementos-para-el-descanso-canape-brisa-valencia-600x600-1.jpg\",\"contentUrl\":\"https:\/\/todoencama.com\/wp-content\/uploads\/2025\/10\/almohada-cervical-mlily-tienda-especializada-en-colchones-canapes-somieres-y-todo-tipo-de-complementos-para-el-descanso-canape-brisa-valencia-600x600-1.jpg\",\"width\":600,\"height\":600},{\"@type\":\"BreadcrumbList\",\"@id\":\"https:\/\/todoencama.com\/producto\/almohada-visco-cervical\/#breadcrumb\",\"itemListElement\":[{\"@type\":\"ListItem\",\"position\":1,\"name\":\"Portada\",\"item\":\"https:\/\/todoencama.com\/\"},{\"@type\":\"ListItem\",\"position\":2,\"name\":\"Tienda\",\"item\":\"https:\/\/todoencama.com\/tienda\/\"},{\"@type\":\"ListItem\",\"position\":3,\"name\":\"Almohada Visco Cervical\"}]},{\"@type\":\"WebSite\",\"@id\":\"https:\/\/todoencama.com\/#website\",\"url\":\"https:\/\/todoencama.com\/\",\"name\":\"Todo en Cama | Venta Online de colchones, somieres y canap\u00e8s\",\"description\":\"Tienda de colchones de l\u00e1tex y viscoel\u00e1sticos, almohadas, somieres, bases tapizadas\",\"potentialAction\":[{\"@type\":\"SearchAction\",\"target\":{\"@type\":\"EntryPoint\",\"urlTemplate\":\"https:\/\/todoencama.com\/?s={search_term_string}\"},\"query-input\":{\"@type\":\"PropertyValueSpecification\",\"valueRequired\":true,\"valueName\":\"search_term_string\"}}],\"inLanguage\":\"en-GB\"}]}<\/script>\n<!-- \/ Yoast SEO plugin. -->","yoast_head_json":{"title":"Almohada Visco Cervical - Todo en Cama | Venta Online de colchones, somieres y canap\u00e8s","robots":{"index":"index","follow":"follow","max-snippet":"max-snippet:-1","max-image-preview":"max-image-preview:large","max-video-preview":"max-video-preview:-1"},"canonical":"https:\/\/todoencama.com\/en\/product\/almohada-visco-cervical\/","og_locale":"en_GB","og_type":"article","og_title":"Almohada Visco Cervical - Todo en Cama | Venta Online de colchones, somieres y canap\u00e8s","og_description":"Su dise\u00f1o es su cualidad m\u00e1s destacable ya que est\u00e1 pensada especialmente para aliviar el dolor de las personas que sufren de forma especial de las cervicales. Su cuidada forma permite un adecuado soporte al cuello. Altura 12 cm.  Composici\u00f3n   N\u00facleo de viscoel\u00e1stica que se adapta a su cuello y cervicales eliminando cualquier tipo de presi\u00f3n y favoreciendo su correcta alineaci\u00f3n.  Alivia dolores provocados por molestias cervicales.  Ergon\u00f3mica.  Funda interior con cremallera.  Funda exterior de tejido Strech el\u00e1stico de 300 g\/m2.","og_url":"https:\/\/todoencama.com\/en\/product\/almohada-visco-cervical\/","og_site_name":"Todo en Cama | Venta Online de colchones, somieres y canap\u00e8s","article_modified_time":"2025-10-15T10:34:39+00:00","og_image":[{"width":600,"height":600,"url":"https:\/\/todoencama.com\/wp-content\/uploads\/2025\/10\/almohada-cervical-mlily-tienda-especializada-en-colchones-canapes-somieres-y-todo-tipo-de-complementos-para-el-descanso-canape-brisa-valencia-600x600-1.jpg","type":"image\/jpeg"}],"twitter_card":"summary_large_image","twitter_misc":{"Estimated reading time":"1 minute"},"schema":{"@context":"https:\/\/schema.org","@graph":[{"@type":"WebPage","@id":"https:\/\/todoencama.com\/producto\/almohada-visco-cervical\/","url":"https:\/\/todoencama.com\/producto\/almohada-visco-cervical\/","name":"Almohada Visco Cervical - Todo en Cama | Venta Online de colchones, somieres y canap\u00e8s","isPartOf":{"@id":"https:\/\/todoencama.com\/#website"},"primaryImageOfPage":{"@id":"https:\/\/todoencama.com\/producto\/almohada-visco-cervical\/#primaryimage"},"image":{"@id":"https:\/\/todoencama.com\/producto\/almohada-visco-cervical\/#primaryimage"},"thumbnailUrl":"https:\/\/todoencama.com\/wp-content\/uploads\/2025\/10\/almohada-cervical-mlily-tienda-especializada-en-colchones-canapes-somieres-y-todo-tipo-de-complementos-para-el-descanso-canape-brisa-valencia-600x600-1.jpg","datePublished":"2025-10-15T10:31:43+00:00","dateModified":"2025-10-15T10:34:39+00:00","breadcrumb":{"@id":"https:\/\/todoencama.com\/producto\/almohada-visco-cervical\/#breadcrumb"},"inLanguage":"en-GB","potentialAction":[{"@type":"ReadAction","target":["https:\/\/todoencama.com\/producto\/almohada-visco-cervical\/"]}]},{"@type":"ImageObject","inLanguage":"en-GB","@id":"https:\/\/todoencama.com\/producto\/almohada-visco-cervical\/#primaryimage","url":"https:\/\/todoencama.com\/wp-content\/uploads\/2025\/10\/almohada-cervical-mlily-tienda-especializada-en-colchones-canapes-somieres-y-todo-tipo-de-complementos-para-el-descanso-canape-brisa-valencia-600x600-1.jpg","contentUrl":"https:\/\/todoencama.com\/wp-content\/uploads\/2025\/10\/almohada-cervical-mlily-tienda-especializada-en-colchones-canapes-somieres-y-todo-tipo-de-complementos-para-el-descanso-canape-brisa-valencia-600x600-1.jpg","width":600,"height":600},{"@type":"BreadcrumbList","@id":"https:\/\/todoencama.com\/producto\/almohada-visco-cervical\/#breadcrumb","itemListElement":[{"@type":"ListItem","position":1,"name":"Portada","item":"https:\/\/todoencama.com\/"},{"@type":"ListItem","position":2,"name":"Tienda","item":"https:\/\/todoencama.com\/tienda\/"},{"@type":"ListItem","position":3,"name":"Almohada Visco Cervical"}]},{"@type":"WebSite","@id":"https:\/\/todoencama.com\/#website","url":"https:\/\/todoencama.com\/","name":"Todo en Cama | Venta Online de colchones, somieres y canap\u00e8s","description":"Tienda de colchones de l\u00e1tex y viscoel\u00e1sticos, almohadas, somieres, bases tapizadas","potentialAction":[{"@type":"SearchAction","target":{"@type":"EntryPoint","urlTemplate":"https:\/\/todoencama.com\/?s={search_term_string}"},"query-input":{"@type":"PropertyValueSpecification","valueRequired":true,"valueName":"search_term_string"}}],"inLanguage":"en-GB"}]}},"_links":{"self":[{"href":"https:\/\/todoencama.com\/en\/wp-json\/wp\/v2\/product\/7756","targetHints":{"allow":["GET"]}}],"collection":[{"href":"https:\/\/todoencama.com\/en\/wp-json\/wp\/v2\/product"}],"about":[{"href":"https:\/\/todoencama.com\/en\/wp-json\/wp\/v2\/types\/product"}],"replies":[{"embeddable":true,"href":"https:\/\/todoencama.com\/en\/wp-json\/wp\/v2\/comments?post=7756"}],"wp:featuredmedia":[{"embeddable":true,"href":"https:\/\/todoencama.com\/en\/wp-json\/wp\/v2\/media\/7765"}],"wp:attachment":[{"href":"https:\/\/todoencama.com\/en\/wp-json\/wp\/v2\/media?parent=7756"}],"wp:term":[{"taxonomy":"product_brand","embeddable":true,"href":"https:\/\/todoencama.com\/en\/wp-json\/wp\/v2\/product_brand?post=7756"},{"taxonomy":"product_cat","embeddable":true,"href":"https:\/\/todoencama.com\/en\/wp-json\/wp\/v2\/product_cat?post=7756"},{"taxonomy":"product_tag","embeddable":true,"href":"https:\/\/todoencama.com\/en\/wp-json\/wp\/v2\/product_tag?post=7756"}],"curies":[{"name":"wp","href":"https:\/\/api.w.org\/{rel}","templated":true}]}}

<p>Su diseño es su cualidad más destacable ya que está pensada especialmente para aliviar el dolor de las personas que sufren de forma especial de las cervicales. Su cuidada forma permite un adecuado soporte al cuello. Altura 12 cm.</p>
<p><strong>Composición</strong></p>
<ul>
<li>Núcleo de viscoelástica que se adapta a su cuello y cervicales eliminando cualquier tipo de presión y favoreciendo su correcta alineación.</li>
<li>Alivia dolores provocados por molestias cervicales.</li>
<li>Ergonómica.</li>
<li>Funda interior con cremallera.</li>
<li>Funda exterior de tejido Strech elástico de 300 g/m2.</li>
</ul>

<!-- This site is optimized with the Yoast SEO plugin v26.1.1 - https://yoast.com/wordpress/plugins/seo/ -->
<title>Almohada Visco Cervical - Todo en Cama | Venta Online de colchones, somieres y canapès</title>
<meta name="robots" content="index, follow, max-snippet:-1, max-image-preview:large, max-video-preview:-1" />
<link rel="canonical" href="https://todoencama.com/en/product/almohada-visco-cervical/" />
<meta property="og:locale" content="en_GB" />
<meta property="og:type" content="article" />
<meta property="og:title" content="Almohada Visco Cervical - Todo en Cama | Venta Online de colchones, somieres y canapès" />
<meta property="og:description" content="Su diseño es su cualidad más destacable ya que está pensada especialmente para aliviar el dolor de las personas que sufren de forma especial de las cervicales. Su cuidada forma permite un adecuado soporte al cuello. Altura 12 cm.  Composición   Núcleo de viscoelástica que se adapta a su cuello y cervicales eliminando cualquier tipo de presión y favoreciendo su correcta alineación.  Alivia dolores provocados por molestias cervicales.  Ergonómica.  Funda interior con cremallera.  Funda exterior de tejido Strech elástico de 300 g/m2." />
<meta property="og:url" content="https://todoencama.com/en/product/almohada-visco-cervical/" />
<meta property="og:site_name" content="Todo en Cama | Venta Online de colchones, somieres y canapès" />
<meta property="article:modified_time" content="2025-10-15T10:34:39+00:00" />
<meta property="og:image" content="https://todoencama.com/wp-content/uploads/2025/10/almohada-cervical-mlily-tienda-especializada-en-colchones-canapes-somieres-y-todo-tipo-de-complementos-para-el-descanso-canape-brisa-valencia-600x600-1.jpg" />
	<meta property="og:image:width" content="600" />
	<meta property="og:image:height" content="600" />
	<meta property="og:image:type" content="image/jpeg" />
<meta name="twitter:card" content="summary_large_image" />
<meta name="twitter:label1" content="Estimated reading time" />
	<meta name="twitter:data1" content="1 minute" />
<script type="application/ld+json" class="yoast-schema-graph">{"@context":"https://schema.org","@graph":[{"@type":"WebPage","@id":"https://todoencama.com/producto/almohada-visco-cervical/","url":"https://todoencama.com/producto/almohada-visco-cervical/","name":"Almohada Visco Cervical - Todo en Cama | Venta Online de colchones, somieres y canapès","isPartOf":{"@id":"https://todoencama.com/#website"},"primaryImageOfPage":{"@id":"https://todoencama.com/producto/almohada-visco-cervical/#primaryimage"},"image":{"@id":"https://todoencama.com/producto/almohada-visco-cervical/#primaryimage"},"thumbnailUrl":"https://todoencama.com/wp-content/uploads/2025/10/almohada-cervical-mlily-tienda-especializada-en-colchones-canapes-somieres-y-todo-tipo-de-complementos-para-el-descanso-canape-brisa-valencia-600x600-1.jpg","datePublished":"2025-10-15T10:31:43+00:00","dateModified":"2025-10-15T10:34:39+00:00","breadcrumb":{"@id":"https://todoencama.com/producto/almohada-visco-cervical/#breadcrumb"},"inLanguage":"en-GB","potentialAction":[{"@type":"ReadAction","target":["https://todoencama.com/producto/almohada-visco-cervical/"]}]},{"@type":"ImageObject","inLanguage":"en-GB","@id":"https://todoencama.com/producto/almohada-visco-cervical/#primaryimage","url":"https://todoencama.com/wp-content/uploads/2025/10/almohada-cervical-mlily-tienda-especializada-en-colchones-canapes-somieres-y-todo-tipo-de-complementos-para-el-descanso-canape-brisa-valencia-600x600-1.jpg","contentUrl":"https://todoencama.com/wp-content/uploads/2025/10/almohada-cervical-mlily-tienda-especializada-en-colchones-canapes-somieres-y-todo-tipo-de-complementos-para-el-descanso-canape-brisa-valencia-600x600-1.jpg","width":600,"height":600},{"@type":"BreadcrumbList","@id":"https://todoencama.com/producto/almohada-visco-cervical/#breadcrumb","itemListElement":[{"@type":"ListItem","position":1,"name":"Portada","item":"https://todoencama.com/"},{"@type":"ListItem","position":2,"name":"Tienda","item":"https://todoencama.com/tienda/"},{"@type":"ListItem","position":3,"name":"Almohada Visco Cervical"}]},{"@type":"WebSite","@id":"https://todoencama.com/#website","url":"https://todoencama.com/","name":"Todo en Cama | Venta Online de colchones, somieres y canapès","description":"Tienda de colchones de látex y viscoelásticos, almohadas, somieres, bases tapizadas","potentialAction":[{"@type":"SearchAction","target":{"@type":"EntryPoint","urlTemplate":"https://todoencama.com/?s={search_term_string}"},"query-input":{"@type":"PropertyValueSpecification","valueRequired":true,"valueName":"search_term_string"}}],"inLanguage":"en-GB"}]}</script>
<!-- / Yoast SEO plugin. -->

Almohada Visco Cervical - Todo en Cama | Venta Online de colchones, somieres y canapès

Su diseño es su cualidad más destacable ya que está pensada especialmente para aliviar el dolor de las personas que sufren de forma especial de las cervicales. Su cuidada forma permite un adecuado soporte al cuello. Altura 12 cm.  Composición   Núcleo de viscoelástica que se adapta a su cuello y cervicales eliminando cualquier tipo de presión y favoreciendo su correcta alineación.  Alivia dolores provocados por molestias cervicales.  Ergonómica.  Funda interior con cremallera.  Funda exterior de tejido Strech elástico de 300 g/m2.

Todo en Cama | Venta Online de colchones, somieres y canapès

Tienda de colchones de látex y viscoelásticos, almohadas, somieres, bases tapizadas
