{"id":6350,"date":"2025-03-14T13:54:52","date_gmt":"2025-03-14T13:54:52","guid":{"rendered":"https:\/\/todoencama.com\/?page_id=6350"},"modified":"2025-03-14T13:54:52","modified_gmt":"2025-03-14T13:54:52","slug":"accesibilidad","status":"publish","type":"page","link":"https:\/\/todoencama.com\/en\/accesibilidad\/","title":{"rendered":"Accesibilidad"},"content":{"rendered":"<h1 class=\"wp-block-heading\">Accesibilidad<\/h1>\n\n\n\n<p>TODO ENCAMA\u00a0se ha comprometido a hacer accesibles sus sitios web de conformidad con el Real Decreto 1112\/2018, de 7 de septiembre, sobre accesibilidad de los sitios web y aplicaciones para dispositivos m\u00f3viles del sector p\u00fablico (en adelante, Real Decreto 1112\/2018, de 7 de septiembre).<\/p>\n\n\n\n<p>La presente declaraci\u00f3n de accesibilidad se aplica al sitio web\u00a0todoencama.com\u00a0(los subdominios de este sitio web tendr\u00e1n sus propias declaraciones de accesibilidad).<\/p>\n\n\n\n<h4 class=\"wp-block-heading\">SITUACI\u00d3N DE CUMPLIMIENTO<\/h4>\n\n\n\n<p>Este sitio web es plenamente conforme con el Real Decreto 1112\/2018, de 7 de septiembre, debido a la obtenci\u00f3n de una puntuaci\u00f3n media del sitio web de 10,00.<\/p>\n\n\n\n<p>Preparaci\u00f3n de la presente declaraci\u00f3n de accesibilidad<\/p>\n\n\n\n<p>La presente declaraci\u00f3n fue preparada el 26 de julio de 2024.<\/p>\n\n\n\n<p>El m\u00e9todo empleado para preparar la declaraci\u00f3n ha sido una autoevaluaci\u00f3n llevada a cabo por el propio organismo.<\/p>\n\n\n\n<p>\u00daltima revisi\u00f3n de la declaraci\u00f3n: 26 de julio de 2024.<\/p>\n\n\n\n<p>Observaciones y datos de contacto<\/p>\n\n\n\n<p>Puede realizar comunicaciones sobre requisitos de accesibilidad (art\u00edculo 10.2.a) del Real Decreto 1112\/2018, de 7 de septiembre) como, por ejemplo:<\/p>\n\n\n\n<p>Informar sobre cualquier posible incumplimiento por parte de este sitio web.<br>Transmitir otras dificultades de acceso al contenido.<br>Formular cualquier otra consulta o sugerencia de mejora relativa a la accesibilidad del sitio web.<br>A trav\u00e9s de las siguientes v\u00edas:<\/p>\n\n\n\n<p>Correo electr\u00f3nico: <a href=\"mailto:comercial.todoencama@gmail.com\">comercial.todoencama@gmail.com<\/a><\/p>\n\n\n\n<p>Tel\u00e9fono: <a href=\"tel:+34963558127\">+34 963 558 127<\/a><\/p>\n\n\n\n<p>Tambi\u00e9n puede solicitar en formato accesible informaci\u00f3n que no cumpla con los requisitos de accesibilidad bien por estar excluida, bien por estar exenta por carga desproporcionada; o formular una queja por incumplimiento de los requisitos de accesibilidad. Enlace al procedimiento de solicitud de informaci\u00f3n accesible y quejas del art\u00edculo 12 del Real Decreto 1112\/2018, de 7 de septiembre.<\/p>\n\n\n\n<p>Las comunicaciones, solicitudes de informaci\u00f3n accesible y quejas debe dirigirlas a la Subdirecci\u00f3n General de Servicios Web, Transparencia y Protecci\u00f3n de Datos (Secretar\u00eda General T\u00e9cnica), como unidad responsable de los contenidos de este sitio web.<\/p>\n\n\n\n<h4 class=\"wp-block-heading\">PROCEDIMIENTO DE APLICACI\u00d3N<\/h4>\n\n\n\n<p>A trav\u00e9s de este procedimiento podr\u00e1 iniciar una reclamaci\u00f3n para conocer y oponerse a los motivos de la desestimaci\u00f3n de una solicitud de informaci\u00f3n accesible o queja, instar la adopci\u00f3n de las medidas oportunas en el caso de no estar de acuerdo con la decisi\u00f3n adoptada, o exponer las razones por las que se considera que la respuesta no cumple con los requisitos exigidos.<\/p>\n\n\n\n<p>Enlace al procedimiento de reclamaci\u00f3n , que debe dirigir a la Subdirecci\u00f3n General de Servicios Web, Transparencia y Protecci\u00f3n de Datos, como Unidad responsable de accesibilidad de este Ministerio, o si la reclamaci\u00f3n es por una actuaci\u00f3n de dicha Unidad, al superior jer\u00e1rquico de \u00e9sta.<\/p>\n\n\n\n<h4 class=\"wp-block-heading\">CONTENIDO OPCIONAL<\/h4>\n\n\n\n<p>La versi\u00f3n actualmente visible de este sitio web es de mayo de 2023 y en esa fecha se hizo la revisi\u00f3n del nivel de accesibilidad vigente en aquel momento.<\/p>\n\n\n\n<p>A partir de dicha fecha se llevan a cabo revisiones parciales diarias del contenido web nuevo o modificado, tanto de las plantillas como de las p\u00e1ginas y documentos finales publicados, a fin de asegurar el cumplimiento de los requerimientos de accesibilidad de la Norma UNE-EN 301549:2022, considerando las excepciones del Real Decreto 1112\/2018, de 7 de septiembre.<\/p>\n\n\n\n<p>Entre otras se adoptan las siguientes medidas para facilitar la accesibilidad:<\/p>\n\n\n\n<p>Uso de los est\u00e1ndares del W3C: XHTML 1.0, CSS 3.0, WAI AA.<\/p>\n\n\n\n<p>Utilizaci\u00f3n de texto alternativo en las im\u00e1genes<\/p>\n\n\n\n<p>Los enlaces ofrecen detalles de la funci\u00f3n o destino del hiperv\u00ednculo<\/p>\n\n\n\n<p><\/p>","protected":false},"excerpt":{"rendered":"<p>Accesibilidad TODO ENCAMA\u00a0se ha comprometido a hacer accesibles sus sitios web de conformidad con el Real Decreto 1112\/2018, de 7 de septiembre, sobre accesibilidad de los sitios web y aplicaciones&#8230;<\/p>","protected":false},"author":1,"featured_media":0,"parent":0,"menu_order":0,"comment_status":"closed","ping_status":"closed","template":"","meta":{"footnotes":""},"class_list":["post-6350","page","type-page","status-publish"],"yoast_head":"<!-- This site is optimized with the Yoast SEO plugin v26.1.1 - https:\/\/yoast.com\/wordpress\/plugins\/seo\/ -->\n<title>Accesibilidad - Todo en Cama | Venta Online de colchones, somieres y canap\u00e8s<\/title>\n<meta name=\"robots\" content=\"index, follow, max-snippet:-1, max-image-preview:large, max-video-preview:-1\" \/>\n<link rel=\"canonical\" href=\"https:\/\/todoencama.com\/en\/accesibilidad\/\" \/>\n<meta property=\"og:locale\" content=\"en_GB\" \/>\n<meta property=\"og:type\" content=\"article\" \/>\n<meta property=\"og:title\" content=\"Accesibilidad - Todo en Cama | Venta Online de colchones, somieres y canap\u00e8s\" \/>\n<meta property=\"og:description\" content=\"Accesibilidad TODO ENCAMA\u00a0se ha comprometido a hacer accesibles sus sitios web de conformidad con el Real Decreto 1112\/2018, de 7 de septiembre, sobre accesibilidad de los sitios web y aplicaciones...\" \/>\n<meta property=\"og:url\" content=\"https:\/\/todoencama.com\/en\/accesibilidad\/\" \/>\n<meta property=\"og:site_name\" content=\"Todo en Cama | Venta Online de colchones, somieres y canap\u00e8s\" \/>\n<meta name=\"twitter:card\" content=\"summary_large_image\" \/>\n<meta name=\"twitter:label1\" content=\"Estimated reading time\" \/>\n\t<meta name=\"twitter:data1\" content=\"3 minutes\" \/>\n<script type=\"application\/ld+json\" class=\"yoast-schema-graph\">{\"@context\":\"https:\/\/schema.org\",\"@graph\":[{\"@type\":\"WebPage\",\"@id\":\"https:\/\/todoencama.com\/accesibilidad\/\",\"url\":\"https:\/\/todoencama.com\/accesibilidad\/\",\"name\":\"Accesibilidad - Todo en Cama | Venta Online de colchones, somieres y canap\u00e8s\",\"isPartOf\":{\"@id\":\"https:\/\/todoencama.com\/#website\"},\"datePublished\":\"2025-03-14T13:54:52+00:00\",\"breadcrumb\":{\"@id\":\"https:\/\/todoencama.com\/accesibilidad\/#breadcrumb\"},\"inLanguage\":\"en-GB\",\"potentialAction\":[{\"@type\":\"ReadAction\",\"target\":[\"https:\/\/todoencama.com\/accesibilidad\/\"]}]},{\"@type\":\"BreadcrumbList\",\"@id\":\"https:\/\/todoencama.com\/accesibilidad\/#breadcrumb\",\"itemListElement\":[{\"@type\":\"ListItem\",\"position\":1,\"name\":\"Portada\",\"item\":\"https:\/\/todoencama.com\/\"},{\"@type\":\"ListItem\",\"position\":2,\"name\":\"Accesibilidad\"}]},{\"@type\":\"WebSite\",\"@id\":\"https:\/\/todoencama.com\/#website\",\"url\":\"https:\/\/todoencama.com\/\",\"name\":\"Todo en Cama | Venta Online de colchones, somieres y canap\u00e8s\",\"description\":\"Tienda de colchones de l\u00e1tex y viscoel\u00e1sticos, almohadas, somieres, bases tapizadas\",\"potentialAction\":[{\"@type\":\"SearchAction\",\"target\":{\"@type\":\"EntryPoint\",\"urlTemplate\":\"https:\/\/todoencama.com\/?s={search_term_string}\"},\"query-input\":{\"@type\":\"PropertyValueSpecification\",\"valueRequired\":true,\"valueName\":\"search_term_string\"}}],\"inLanguage\":\"en-GB\"}]}<\/script>\n<!-- \/ Yoast SEO plugin. -->","yoast_head_json":{"title":"Accesibilidad - Todo en Cama | Venta Online de colchones, somieres y canap\u00e8s","robots":{"index":"index","follow":"follow","max-snippet":"max-snippet:-1","max-image-preview":"max-image-preview:large","max-video-preview":"max-video-preview:-1"},"canonical":"https:\/\/todoencama.com\/en\/accesibilidad\/","og_locale":"en_GB","og_type":"article","og_title":"Accesibilidad - Todo en Cama | Venta Online de colchones, somieres y canap\u00e8s","og_description":"Accesibilidad TODO ENCAMA\u00a0se ha comprometido a hacer accesibles sus sitios web de conformidad con el Real Decreto 1112\/2018, de 7 de septiembre, sobre accesibilidad de los sitios web y aplicaciones...","og_url":"https:\/\/todoencama.com\/en\/accesibilidad\/","og_site_name":"Todo en Cama | Venta Online de colchones, somieres y canap\u00e8s","twitter_card":"summary_large_image","twitter_misc":{"Estimated reading time":"3 minutes"},"schema":{"@context":"https:\/\/schema.org","@graph":[{"@type":"WebPage","@id":"https:\/\/todoencama.com\/accesibilidad\/","url":"https:\/\/todoencama.com\/accesibilidad\/","name":"Accesibilidad - Todo en Cama | Venta Online de colchones, somieres y canap\u00e8s","isPartOf":{"@id":"https:\/\/todoencama.com\/#website"},"datePublished":"2025-03-14T13:54:52+00:00","breadcrumb":{"@id":"https:\/\/todoencama.com\/accesibilidad\/#breadcrumb"},"inLanguage":"en-GB","potentialAction":[{"@type":"ReadAction","target":["https:\/\/todoencama.com\/accesibilidad\/"]}]},{"@type":"BreadcrumbList","@id":"https:\/\/todoencama.com\/accesibilidad\/#breadcrumb","itemListElement":[{"@type":"ListItem","position":1,"name":"Portada","item":"https:\/\/todoencama.com\/"},{"@type":"ListItem","position":2,"name":"Accesibilidad"}]},{"@type":"WebSite","@id":"https:\/\/todoencama.com\/#website","url":"https:\/\/todoencama.com\/","name":"Todo en Cama | Venta Online de colchones, somieres y canap\u00e8s","description":"Tienda de colchones de l\u00e1tex y viscoel\u00e1sticos, almohadas, somieres, bases tapizadas","potentialAction":[{"@type":"SearchAction","target":{"@type":"EntryPoint","urlTemplate":"https:\/\/todoencama.com\/?s={search_term_string}"},"query-input":{"@type":"PropertyValueSpecification","valueRequired":true,"valueName":"search_term_string"}}],"inLanguage":"en-GB"}]}},"_links":{"self":[{"href":"https:\/\/todoencama.com\/en\/wp-json\/wp\/v2\/pages\/6350","targetHints":{"allow":["GET"]}}],"collection":[{"href":"https:\/\/todoencama.com\/en\/wp-json\/wp\/v2\/pages"}],"about":[{"href":"https:\/\/todoencama.com\/en\/wp-json\/wp\/v2\/types\/page"}],"author":[{"embeddable":true,"href":"https:\/\/todoencama.com\/en\/wp-json\/wp\/v2\/users\/1"}],"replies":[{"embeddable":true,"href":"https:\/\/todoencama.com\/en\/wp-json\/wp\/v2\/comments?post=6350"}],"version-history":[{"count":1,"href":"https:\/\/todoencama.com\/en\/wp-json\/wp\/v2\/pages\/6350\/revisions"}],"predecessor-version":[{"id":6351,"href":"https:\/\/todoencama.com\/en\/wp-json\/wp\/v2\/pages\/6350\/revisions\/6351"}],"wp:attachment":[{"href":"https:\/\/todoencama.com\/en\/wp-json\/wp\/v2\/media?parent=6350"}],"curies":[{"name":"wp","href":"https:\/\/api.w.org\/{rel}","templated":true}]}}

<h1 class="wp-block-heading">Accesibilidad</h1>



<p>TODO ENCAMA se ha comprometido a hacer accesibles sus sitios web de conformidad con el Real Decreto 1112/2018, de 7 de septiembre, sobre accesibilidad de los sitios web y aplicaciones para dispositivos móviles del sector público (en adelante, Real Decreto 1112/2018, de 7 de septiembre).</p>



<p>La presente declaración de accesibilidad se aplica al sitio web todoencama.com (los subdominios de este sitio web tendrán sus propias declaraciones de accesibilidad).</p>



<h4 class="wp-block-heading">SITUACIÓN DE CUMPLIMIENTO</h4>



<p>Este sitio web es plenamente conforme con el Real Decreto 1112/2018, de 7 de septiembre, debido a la obtención de una puntuación media del sitio web de 10,00.</p>



<p>Preparación de la presente declaración de accesibilidad</p>



<p>La presente declaración fue preparada el 26 de julio de 2024.</p>



<p>El método empleado para preparar la declaración ha sido una autoevaluación llevada a cabo por el propio organismo.</p>



<p>Última revisión de la declaración: 26 de julio de 2024.</p>



<p>Observaciones y datos de contacto</p>



<p>Puede realizar comunicaciones sobre requisitos de accesibilidad (artículo 10.2.a) del Real Decreto 1112/2018, de 7 de septiembre) como, por ejemplo:</p>



<p>Informar sobre cualquier posible incumplimiento por parte de este sitio web.<br>Transmitir otras dificultades de acceso al contenido.<br>Formular cualquier otra consulta o sugerencia de mejora relativa a la accesibilidad del sitio web.<br>A través de las siguientes vías:</p>



<p>Correo electrónico: <a href="mailto:comercial.todoencama@gmail.com">comercial.todoencama@gmail.com</a></p>



<p>Teléfono: <a href="tel:+34963558127">+34 963 558 127</a></p>



<p>También puede solicitar en formato accesible información que no cumpla con los requisitos de accesibilidad bien por estar excluida, bien por estar exenta por carga desproporcionada; o formular una queja por incumplimiento de los requisitos de accesibilidad. Enlace al procedimiento de solicitud de información accesible y quejas del artículo 12 del Real Decreto 1112/2018, de 7 de septiembre.</p>



<p>Las comunicaciones, solicitudes de información accesible y quejas debe dirigirlas a la Subdirección General de Servicios Web, Transparencia y Protección de Datos (Secretaría General Técnica), como unidad responsable de los contenidos de este sitio web.</p>



<h4 class="wp-block-heading">PROCEDIMIENTO DE APLICACIÓN</h4>



<p>A través de este procedimiento podrá iniciar una reclamación para conocer y oponerse a los motivos de la desestimación de una solicitud de información accesible o queja, instar la adopción de las medidas oportunas en el caso de no estar de acuerdo con la decisión adoptada, o exponer las razones por las que se considera que la respuesta no cumple con los requisitos exigidos.</p>



<p>Enlace al procedimiento de reclamación , que debe dirigir a la Subdirección General de Servicios Web, Transparencia y Protección de Datos, como Unidad responsable de accesibilidad de este Ministerio, o si la reclamación es por una actuación de dicha Unidad, al superior jerárquico de ésta.</p>



<h4 class="wp-block-heading">CONTENIDO OPCIONAL</h4>



<p>La versión actualmente visible de este sitio web es de mayo de 2023 y en esa fecha se hizo la revisión del nivel de accesibilidad vigente en aquel momento.</p>



<p>A partir de dicha fecha se llevan a cabo revisiones parciales diarias del contenido web nuevo o modificado, tanto de las plantillas como de las páginas y documentos finales publicados, a fin de asegurar el cumplimiento de los requerimientos de accesibilidad de la Norma UNE-EN 301549:2022, considerando las excepciones del Real Decreto 1112/2018, de 7 de septiembre.</p>



<p>Entre otras se adoptan las siguientes medidas para facilitar la accesibilidad:</p>



<p>Uso de los estándares del W3C: XHTML 1.0, CSS 3.0, WAI AA.</p>



<p>Utilización de texto alternativo en las imágenes</p>



<p>Los enlaces ofrecen detalles de la función o destino del hipervínculo</p>



<p></p>

<!-- This site is optimized with the Yoast SEO plugin v26.1.1 - https://yoast.com/wordpress/plugins/seo/ -->
<title>Accesibilidad - Todo en Cama | Venta Online de colchones, somieres y canapès</title>
<meta name="robots" content="index, follow, max-snippet:-1, max-image-preview:large, max-video-preview:-1" />
<link rel="canonical" href="https://todoencama.com/en/accesibilidad/" />
<meta property="og:locale" content="en_GB" />
<meta property="og:type" content="article" />
<meta property="og:title" content="Accesibilidad - Todo en Cama | Venta Online de colchones, somieres y canapès" />
<meta property="og:description" content="Accesibilidad TODO ENCAMA se ha comprometido a hacer accesibles sus sitios web de conformidad con el Real Decreto 1112/2018, de 7 de septiembre, sobre accesibilidad de los sitios web y aplicaciones..." />
<meta property="og:url" content="https://todoencama.com/en/accesibilidad/" />
<meta property="og:site_name" content="Todo en Cama | Venta Online de colchones, somieres y canapès" />
<meta name="twitter:card" content="summary_large_image" />
<meta name="twitter:label1" content="Estimated reading time" />
	<meta name="twitter:data1" content="3 minutes" />
<script type="application/ld+json" class="yoast-schema-graph">{"@context":"https://schema.org","@graph":[{"@type":"WebPage","@id":"https://todoencama.com/accesibilidad/","url":"https://todoencama.com/accesibilidad/","name":"Accesibilidad - Todo en Cama | Venta Online de colchones, somieres y canapès","isPartOf":{"@id":"https://todoencama.com/#website"},"datePublished":"2025-03-14T13:54:52+00:00","breadcrumb":{"@id":"https://todoencama.com/accesibilidad/#breadcrumb"},"inLanguage":"en-GB","potentialAction":[{"@type":"ReadAction","target":["https://todoencama.com/accesibilidad/"]}]},{"@type":"BreadcrumbList","@id":"https://todoencama.com/accesibilidad/#breadcrumb","itemListElement":[{"@type":"ListItem","position":1,"name":"Portada","item":"https://todoencama.com/"},{"@type":"ListItem","position":2,"name":"Accesibilidad"}]},{"@type":"WebSite","@id":"https://todoencama.com/#website","url":"https://todoencama.com/","name":"Todo en Cama | Venta Online de colchones, somieres y canapès","description":"Tienda de colchones de látex y viscoelásticos, almohadas, somieres, bases tapizadas","potentialAction":[{"@type":"SearchAction","target":{"@type":"EntryPoint","urlTemplate":"https://todoencama.com/?s={search_term_string}"},"query-input":{"@type":"PropertyValueSpecification","valueRequired":true,"valueName":"search_term_string"}}],"inLanguage":"en-GB"}]}</script>
<!-- / Yoast SEO plugin. -->

Accesibilidad - Todo en Cama | Venta Online de colchones, somieres y canapès

Todo en Cama | Venta Online de colchones, somieres y canapès

Tienda de colchones de látex y viscoelásticos, almohadas, somieres, bases tapizadas
